{"id":18,"date":"2016-12-13T15:36:17","date_gmt":"2016-12-13T15:36:17","guid":{"rendered":"http:\/\/ultrataka.lv\/eng\/?page_id=18"},"modified":"2024-12-04T20:59:53","modified_gmt":"2024-12-04T18:59:53","slug":"results","status":"publish","type":"page","link":"https:\/\/ultrataka.lv\/eng\/results\/","title":{"rendered":"Results"},"content":{"rendered":"<h4>Results<\/h4>\n<div class=\"su-list\" style=\"margin-left:0px\">\n<ul>\n<li><i class=\"sui sui-angle-double-right\" style=\"color:#000000\"><\/i> <span style=\"color: #0000ff;\"><a style=\"color: #0000ff;\" href=\"https:\/\/statistik.d-u-v.org\/getresultevent.php?event=102416\">Riga-Valmiera 2023 (May 4)<\/a><\/span> &amp; official <a href=\"https:\/\/statistik.d-u-v.org\/eventdetail.php?event=113147\"><span style=\"color: #0000ff;\">100K split 2024<\/span><\/a><\/li>\n<li><i class=\"sui sui-angle-double-right\" style=\"color:#000000\"><\/i> <a href=\"https:\/\/statistik.d-u-v.org\/getresultevent.php?event=94973\"><span style=\"color: #0000ff;\">Riga-Valmiera 2023 (June 3) <\/span><\/a>\u00a0\u00a0<span style=\"color: #0000ff;\"><span style=\"color: #000000;\">&amp; official<\/span> <a style=\"color: #0000ff;\" href=\"https:\/\/statistik.d-u-v.org\/getresultevent.php?event=98733\">100K split 2023<\/a><\/span><\/li>\n<li><i class=\"sui sui-angle-double-right\" style=\"color:#000000\"><\/i> <a href=\"https:\/\/statistik.d-u-v.org\/getresultevent.php?event=84060\"><span style=\"color: #0000ff;\">Riga-Valmiera 2022 (June 11)\u00a0<\/span><\/a>\u00a0\u00a0<span style=\"color: #0000ff;\"><span style=\"color: #000000;\">&amp; official<\/span> <a style=\"color: #0000ff;\" href=\"https:\/\/statistik.d-u-v.org\/eventdetail.php?event=84061\">100K split 2022<\/a><\/span><\/li>\n<li><i class=\"sui sui-angle-double-right\" style=\"color:#000000\"><\/i> <a href=\"https:\/\/statistik.d-u-v.org\/getresultevent.php?event=78779\"><span style=\"color: #0000ff;\">Riga-Valmiera 2021 (July 17)<\/span>\u00a0<\/a>\u00a0\u00a0<span style=\"color: #0000ff;\"><span style=\"color: #000000;\">&amp; official<\/span> <a href=\"https:\/\/statistik.d-u-v.org\/eventdetail.php?event=78778\"><span style=\"color: #0000ff;\">100K split 2021<\/span><\/a><\/span><\/li>\n<li><i class=\"sui sui-angle-double-right\" style=\"color:#000000\"><\/i> <a href=\"https:\/\/statistik.d-u-v.org\/getresultevent.php?event=62347\"><span style=\"color: #0000ff;\">Riga-Valmiera 2020 (July 11)<\/span><\/a> <span style=\"color: #0000ff;\"><span style=\"color: #000000;\">&amp; official<\/span> <a href=\"https:\/\/statistik.d-u-v.org\/eventdetail.php?event=69170\"><span style=\"color: #0000ff;\">100K split 2020<\/span><\/a><\/span><\/li>\n<li><i class=\"sui sui-angle-double-right\" style=\"color:#000000\"><\/i> <span style=\"color: #0000ff;\"><a style=\"color: #0000ff;\" href=\"http:\/\/statistik.d-u-v.org\/eventdetail.php?event=53930\">Riga-Valmiera 2019<\/a> (<a style=\"color: #0000ff;\" href=\"http:\/\/statistik.d-u-v.org\/eventdetail.php?event=53930\">June 22<\/a>) <span style=\"color: #000000;\">&amp; official<\/span> <a style=\"color: #0000ff;\" href=\"https:\/\/statistik.d-u-v.org\/eventdetail.php?event=58601\">100K split 2019<\/a><\/span><\/li>\n<li><i class=\"sui sui-angle-double-right\" style=\"color:#000000\"><\/i> <a href=\"http:\/\/statistik.d-u-v.org\/getresultevent.php?event=45407\"><span style=\"color: #3366ff;\">Riga-Valmiera 2018<\/span> (June 23)<\/a><\/li>\n<li><i class=\"sui sui-angle-double-right\" style=\"color:#000000\"><\/i> <a href=\"http:\/\/statistik.d-u-v.org\/getresultevent.php?event=33072\"><span style=\"color: #3366ff;\">Riga-Valmiera 2017<\/span> (April 1)<\/a><\/li>\n<li><i class=\"sui sui-angle-double-right\" style=\"color:#000000\"><\/i> <a href=\"http:\/\/statistik.d-u-v.org\/eventdetail.php?event=30566\" target=\"_blank\" rel=\"noopener noreferrer\"><span style=\"color: #3366ff;\">Riga-Valmiera 2016<\/span> (April 2)<\/a><\/li>\n<li><i class=\"sui sui-angle-double-right\" style=\"color:#000000\"><\/i> <a href=\"http:\/\/statistik.d-u-v.org\/eventdetail.php?event=25079\" target=\"_blank\" rel=\"noopener noreferrer\"><span style=\"color: #3366ff;\">Riga-Valmiera 2015<\/span> (March 28)<\/a><\/li>\n<li><i class=\"sui sui-angle-double-right\" style=\"color:#000000\"><\/i> <a href=\"http:\/\/statistik.d-u-v.org\/getresultevent.php?event=21849\" target=\"_blank\" rel=\"noopener noreferrer\"><span style=\"color: #3366ff;\">Riga-Valmiera 2014<\/span>\u00a0(March 8)<\/a><\/li>\n<li><i class=\"sui sui-angle-double-right\" style=\"color:#000000\"><\/i> <a href=\"http:\/\/statistik.d-u-v.org\/getresulteventalltime.php?event=30566\" target=\"_blank\" rel=\"noopener noreferrer\"><span style=\"color: #3366ff;\">All-time results of Riga-Valmiera<\/span> (2014-..)<\/a><\/li>\n<li><i class=\"sui sui-angle-double-right\" style=\"color:#000000\"><\/i> <a href=\"http:\/\/statistik.d-u-v.org\/multiplefinish.php?event=30566\" target=\"_blank\" rel=\"noopener noreferrer\"><span style=\"color: #3366ff;\">Multiple finishers of Riga-Valmiera<\/span> (2014-..)<\/a><\/li>\n<\/ul>\n<\/div>\n<h4>Winners (2014-)<\/h4>\n<div class=\"su-list\" style=\"margin-left:0px\">\n<ul>\n<li><i class=\"sui sui-angle-double-right\" style=\"color:#000000\"><\/i> 2024 &#8211; Toms Komass (07:30:49 track record) &amp; Di\u0101na D\u017eaviza (08:14:58 track record)<\/li>\n<li><i class=\"sui sui-angle-double-right\" style=\"color:#000000\"><\/i> 2023 &#8211; Toms Komass (07:41:38 track record) &amp; Vita Devjat\u0146ikova (09:09:45 track record)<\/li>\n<li><i class=\"sui sui-angle-double-right\" style=\"color:#000000\"><\/i> 2022 &#8211; Toms Komass (08:25:28) &amp; Viktoriia Nikolaienko-Bryantseva\u00a0 (10:00:18) &#8211; Ukraine ????????<\/li>\n<li><i class=\"sui sui-angle-double-right\" style=\"color:#000000\"><\/i> 2021 &#8211; Toms Komass (08:29:11) &amp; Vita Devjat\u0146ikova (10:10:28)<\/li>\n<li><i class=\"sui sui-angle-double-right\" style=\"color:#000000\"><\/i> 2020 &#8211; P\u0113teris Gr\u012bvi\u0146\u0161 (07:59:02 track record) &amp; Di\u0101na D\u017eaviza (9:21:49 track record)<\/li>\n<li><i class=\"sui sui-angle-double-right\" style=\"color:#000000\"><\/i> 2019 &#8211; Ain\u0101rs Kumpi\u0146\u0161 (08:10:50) &amp; Di\u0101na D\u017eaviza (9:26:49 track record)<\/li>\n<li><i class=\"sui sui-angle-double-right\" style=\"color:#000000\"><\/i> 2018 &#8211; Konstant\u012bns Biktimirovs (08:18:11) &amp; Vita Devjat\u0146ikova (9:53:06 track record)<\/li>\n<li><i class=\"sui sui-angle-double-right\" style=\"color:#000000\"><\/i> 2017 &#8211; Didzis Glu\u0161\u0146evs (08:27:32) &amp; Viktorija Tomasevciene (10:31:07 track record) &#8211; Lietuva ????????<\/li>\n<li><i class=\"sui sui-angle-double-right\" style=\"color:#000000\"><\/i> 2016 &#8211; Uldis Klavins (08:26:49) &amp; Sigita Vace (11:02:05)<\/li>\n<li><i class=\"sui sui-angle-double-right\" style=\"color:#000000\"><\/i> 2015 &#8211; Maris Babris (08:35:06) &amp; Marta Zumberga (10:49:53 track record)<\/li>\n<li><i class=\"sui sui-angle-double-right\" style=\"color:#000000\"><\/i> 2014 &#8211; Valdis Nilovs (9:54:24) &amp; Dace Veipa (13:24:00)<\/li>\n<li><i class=\"sui sui-angle-double-right\" style=\"color:#000000\"><\/i> 1993 &#8211; Viktors Suborins (08:44:03) &amp; Laila Ceika (11:07:27 track record)<\/li>\n<li><i class=\"sui sui-angle-double-right\" style=\"color:#000000\"><\/i> 1992 &#8211; Georgs Jermolajevs (08:01:38 track record) &amp; \u0145ina Bl\u016bma (11:15:50 track record)<\/li>\n<li><i class=\"sui sui-angle-double-right\" style=\"color:#000000\"><\/i> 1991 &#8211; Viktors Suborins (08:03:45 track record) &amp; \u0145ina Bl\u016bma (12:19:35 track record)<\/li>\n<li><i class=\"sui sui-angle-double-right\" style=\"color:#000000\"><\/i> \u00a01990 &#8211; Anatolijs Vidikovs (8:57:00) &amp; Ruta Svil\u0101ne (14:14:14)<\/li>\n<li><i class=\"sui sui-angle-double-right\" style=\"color:#000000\"><\/i> 1989 &#8211; Georgs Jermolajevs (08:45:00) &amp; Laila Ceika (11:07:27)<\/li>\n<\/ul>\n<\/div>\n<h4>Race record<\/h4>\n<div class=\"su-list\" style=\"margin-left:0px\">\n<ul>\n<li><i class=\"sui sui-angle-double-right\" style=\"color:#000000\"><\/i> 7:30:49 (2024) &#8211; Toms Komass (male)<\/li>\n<li><i class=\"sui sui-angle-double-right\" style=\"color:#000000\"><\/i> 8:14:58 (2024) Diana D\u017eaviza (female)<\/li>\n<\/ul>\n<\/div>\n<h4>Finishers<\/h4>\n<div class=\"su-list\" style=\"margin-left:0px\">\n<ul>\n<li><i class=\"sui sui-angle-double-right\" style=\"color:#000000\"><\/i> 2024 &#8211; 128 male &amp; 52 female<\/li>\n<li><i class=\"sui sui-angle-double-right\" style=\"color:#000000\"><\/i> 2023 &#8211; 107 male &amp; 43 female<\/li>\n<li><i class=\"sui sui-angle-double-right\" style=\"color:#000000\"><\/i> 2022 &#8211; 77 male &amp; 26 female<\/li>\n<li><i class=\"sui sui-angle-double-right\" style=\"color:#000000\"><\/i> 2021 &#8211; 79 male &amp; 34 female<\/li>\n<li><i class=\"sui sui-angle-double-right\" style=\"color:#000000\"><\/i> 2020 &#8211; 81 male &amp; 36 female<\/li>\n<li><i class=\"sui sui-angle-double-right\" style=\"color:#000000\"><\/i> 2019 &#8211; 73 male &amp; 28 female<\/li>\n<li><i class=\"sui sui-angle-double-right\" style=\"color:#000000\"><\/i> 2018 &#8211; 104 male &amp; 23 female<\/li>\n<li><i class=\"sui sui-angle-double-right\" style=\"color:#000000\"><\/i> 2017 &#8211; 77 male &amp; 19 female<\/li>\n<li><i class=\"sui sui-angle-double-right\" style=\"color:#000000\"><\/i> 2016 &#8211; 67 male &amp; 23 female<\/li>\n<li><i class=\"sui sui-angle-double-right\" style=\"color:#000000\"><\/i> 2015 &#8211; 74 male &amp; 27 female<\/li>\n<li><i class=\"sui sui-angle-double-right\" style=\"color:#000000\"><\/i> 2014 &#8211; 33 male &amp; 5 female<\/li>\n<\/ul>\n<\/div>\n","protected":false},"excerpt":{"rendered":"<p>Results Winners (2014-) Race record Finishers<\/p>\n","protected":false},"author":3,"featured_media":0,"parent":0,"menu_order":0,"comment_status":"closed","ping_status":"closed","template":"","meta":[],"_links":{"self":[{"href":"https:\/\/ultrataka.lv\/eng\/wp-json\/wp\/v2\/pages\/18"}],"collection":[{"href":"https:\/\/ultrataka.lv\/eng\/wp-json\/wp\/v2\/pages"}],"about":[{"href":"https:\/\/ultrataka.lv\/eng\/wp-json\/wp\/v2\/types\/page"}],"author":[{"embeddable":true,"href":"https:\/\/ultrataka.lv\/eng\/wp-json\/wp\/v2\/users\/3"}],"replies":[{"embeddable":true,"href":"https:\/\/ultrataka.lv\/eng\/wp-json\/wp\/v2\/comments?post=18"}],"version-history":[{"count":31,"href":"https:\/\/ultrataka.lv\/eng\/wp-json\/wp\/v2\/pages\/18\/revisions"}],"predecessor-version":[{"id":366,"href":"https:\/\/ultrataka.lv\/eng\/wp-json\/wp\/v2\/pages\/18\/revisions\/366"}],"wp:attachment":[{"href":"https:\/\/ultrataka.lv\/eng\/wp-json\/wp\/v2\/media?parent=18"}],"curies":[{"name":"wp","href":"https:\/\/api.w.org\/{rel}","templated":true}]}}